e -4*j = 4*z + 350 - 1006, -5*z - 164 = -j. Calculate the remainder when j is divided by 33.
32
Suppose -341 = -77*w + 66*w. Let v be 2*-2*(-1156)/16. Let c = v + -197. What is the remainder when c is divided by w?
30
Let a = 790 - 713. What is the remainder when 1692 is divided by a?
75
Let v = -10 + 10. Suppose -2*o - o + 123 = v. Calculate the remainder when o is divided by (-3)/((-3)/13) + 1.
13
Let l(j) = -j**3 - 9*j**2 + 9*j + 33. What is the remainder when l(-10) is divided by 38?
5
Suppose 2*u - 6*u - 16 = 0, -4*n + 4 = u. Suppose -6*w + 32 = -n*w. What is the remainder when 21 is divided by w?
5
Suppose 0 = -3*y + n + 42, 4*y = -3*n + 6*n + 61. Calculate the remainder when 20 is divided by y.
7
Let j(y) = 45*y**3 - 8*y**2 - 6*y + 11. Calculate the remainder when j(2) is divided by 55.
52
Let t(b) = -9*b**2 - b + 8. Let i be t(2). Calculate the remainder when 42 is divided by (-694)/i - -8*(-4)/240.
19
Let x(l) = 2*l**2 + 2*l - 14. Calculate the remainder when 105 is divided by x(-4).
5
Let a(u) = -u**2 + 7*u + 6. Let y be a(16). Let j = y - -284. Suppose 2*n = -4*w + 144, 0*n + 3*n - j = -4*w. Calculate the remainder when w is divided by 19.
16
Suppose 5*s = 3 + 17. Let b(h) = h**2 - 4*h + 2. Let x be b(s). Suppose x*g = 6*g - 96. What is the remainder when g is divided by 9?
6
Suppose -b + 3 = 2*p - 3*p, 5*b = 0. Calculate the remainder when 92 is divided by 8/(-20) - p/(-5)*-54.
28
Suppose 5*f + 13 = 2*t - 12, 2*f + 40 = 2*t. Suppose -3*m - 258 = -3*v, 4*m = -m - t. Calculate the remainder when 89 is divided by ((-16)/12)/((-6)/v).
17
Let y = 144 - 102. Let q = -35 + y. Calculate the remainder when 19 is divided by q.
5
Let o(z) = -z**2 - 19*z - 29. Let l = -26 + 10. Let m(f) = f + 11. Calculate the remainder when o(l) is divided by m(-6).
4
Let t(h) = -2*h + 5. Suppose -2*j - 10 = 14. What is the remainder when 56 is divided by t(j)?
27
Calculate the remainder when 381/((-27)/(-6) - 3) is divided by 64.
62
Let x(s) = -240*s**3 - s**2 + 9*s + 9. What is the remainder when x(-1) is divided by 30?
29
Let h = -22 + 40. Suppose 54 = t - 16. Calculate the remainder when t is divided by h.
16
Let u = -19 + 40. Let h = u + -6. Suppose 148 = 3*m + 22. Calculate the remainder when m is divided by h.
12
Let x(t) = -t**2 - 4*t + 4. Suppose -134*b = -53*b - 729. What is the remainder when b is divided by x(-4)?
1
Suppose 157 = 5*u + 3*z, 4*u - 5*z = 2*u + 69. Calculate the remainder when 87 is divided by u.
23
Let p be 3/(2 - 261/129). What is the remainder when 70 is divided by -1 - p/6 - (-3)/6?
7
Let q(i) = -29*i + 312. Suppose 3*c - c - 78 = 0. What is the remainder when c is divided by q(10)?
17
Let m(f) = -f. Let v be m(1). Let x(u) = 3*u + 68. Let i be x(-23). What is the remainder when 20 is divided by (6 - -5)/(i/v)?
9
Calculate the remainder when 85 - (8 + -5) - (-3 - -1) is divided by 22.
18
Let p = 605 - 578. What is the remainder when 96 is divided by p?
15
Suppose 6*q - 1230 = -4*w + 8*q, 2*w = -q + 605. Calculate the remainder when w is divided by 81.
62
Suppose -8 = 3*i - i, 3*i - 27 = -m. Let r be (-7 + 4)/6*-8. Suppose 2*x - r = 36. What is the remainder when m is divided by x?
19
Let o(i) = 5*i**2 + 13*i - 4. Let z be o(-3). Suppose 4*p - z*g - 96 = 0, 0 = -5*p - 0*g + 5*g + 125. Calculate the remainder when 65 is divided by p.
19
Let v = 143 - 96. Let s(a) = -3*a + 27. Let o(k) = -3*k + 29. Let z(l) = 6*o(l) - 5*s(l). What is the remainder when v is divided by z(9)?
11
Let p be (-1)/2*-6 - -33. Suppose 4*c + t = p, 0 = -3*c - c - 5*t + 36. What is the remainder when (18/28*4)/(21/196) is divided by c?
6
Let l = 316 - 207. What is the remainder when l is divided by 14?
11
Suppose -9*w + 117 = -0*w. Suppose -2*i + 4*i + 24 = 0. Calculate the remainder when (-1535)/(-30) - (-2)/i is divided by w.
12
Let h(w) = w**2 - 5*w - 19. What is the remainder when 121 is divided by h(-5)?
28
Suppose -3*x = -5*f - 1717, 5*x + 269 = 2*f + 971. Let j(g) = -g**3 + 3*g**2 - 2. What is the remainder when (f/33)/((-1)/3) is divided by j(-2)?
13
Suppose -2*g - 101 = -2*t + 83, -t + 4*g = -77. What is the remainder when 200 is divided by t?
6
Let m(h) = h**3 + 10*h**2 + 6*h. Let p = -13 - -27. What is the remainder when m(-8) is divided by 2465/119 + 4/p?
17
Let n(a) = 64*a**2 + a. Suppose b - 9 = -2*b. Suppose 0*w = -5*i - 2*w + 90, -15 = -b*w. Calculate the remainder when n(-1) is divided by i.
15
Let y(w) = -81*w**3 - 6*w**2 + 4*w + 6. Calculate the remainder when y(-1) is divided by 16.
13
Let i = 73 + -41. Suppose 0 = -2*v + 3*p + 113, 4*v - 44 - 147 = -p. Let w = v - i. What is the remainder when 65 is divided by w?
14
Suppose -i + 3*m = -12, 0 = -i + m + 8 + 2. Suppose -3*z + 1 = -o - z, 4*o + z = 14. Calculate the remainder when i is divided by o.
0
Let d = -9 + 14. Suppose -2*p = -d*p + 51. What is the remainder when 32 is divided by p?
15
Let l(h) = -13*h**3 + h**2 + 2*h - 7. Let w be l(-3). Suppose 0*u = 4*f - u - w, -f = 2*u - 98. Calculate the remainder when f is divided by 18.
16
Let o = 101 + -68. Let g(i) = i**3 - 8*i**2 - 5*i - 11. Let x be g(9). Let b = -16 + x. What is the remainder when o is divided by b?
6
Let h = -257 + 282. Let m = -13 - -22. Suppose -h - m = -2*s. Calculate the remainder when 66 is divided by s.
15
Let x = -31 - -4. Let p = x + 58. Suppose 4*u + 3 = -4*c + p, -5*u = -3*c + 53. What is the remainder when 53 is divided by c?
9
Let t be (-6)/9*(-3 - 0). Let q = 7 - t. Suppose 296 = q*m + 66. What is the remainder when m is divided by 12?
10
Let a(t) = -7*t + 53. What is the remainder when 124 is divided by a(4)?
24
Let d = 57 - 27. Let h = -31 + 19. Let x = h + d. Calculate the remainder when 33 is divided by x.
15
Suppose 0 = -4*f - 11 + 59. Let j(g) = g**3 + 13*g**2 - 19*g - 1. What is the remainder when j(-14) is divided by f?
9
Suppose 24*q = 15*q + 45. What is the remainder when q is divided by 4?
1
Suppose -3*j - p + 7 = -0*j, 40 = 5*j - 4*p. Suppose -f + j + 58 = 0. Calculate the remainder when f is divided by 21 + -1*(2 + -2).
20
Let l = -805 + 958. Let y(p) = -p**3 + 8*p**2 + 4*p - 1. Calculate the remainder when l is divided by y(8).
29
Suppose 3*y - 3*q - 39 = 0, -5*y + 16 = -2*q - 43. What is the remainder when (-36 - 1)*(2 - 4) is divided by y?
8
Calculate the remainder when (10 + -6)*(-1730)/(-8) is divided by 51.
49
Suppose 2*p = -2*z + 3 + 5, 5*p = 3*z - 20. What is the remainder when 10 is divided by p*-2*(-3)/(-2)?
1
Suppose 0 = 4*h + 4*m + 18 - 6, -m = -h - 7. Let b(q) = q**2 - 8*q + 21. What is the remainder when b(9) is divided by (h + -6)*1*-1?
8
What is the remainder when 208 is divided by 11 + (4 - 2) + (2 - 0)?
13
Suppose -3 = x - 2*x. Suppose x*z - 109 = -4. Suppose k + 43 = 4*m, -5*m + 0*k = -2*k - 50. Calculate the remainder when z is divided by m.
11
Suppose 2*p + 6 = 4*p. Suppose p*b = 10 + 2. Suppose -b*z + 27 = -73. Calculate the remainder when z is divided by 7.
4
Let r = 116 + -116. What is the remainder when (5/(-2) + r)*(6 + -8) is divided by 1?
0
Suppose -4*y + 68 = p, 14*p - 10*p - 212 = -y. Let g = -22 - -40. Calculate the remainder when p is divided by g.
16
Suppose 0 = w + 6 - 5. What is the remainder when (w/(-1))/((-1)/(-5)) is divided by 5?
0
Let r = -81 - -121. Let y = r + 11. What is the remainder when y is divided by 18?
15
Let u = 29 + -47. Let w(c) = -2*c - 24. What is the remainder when 81 is divided by w(u)?
9
Let f(z) = 282*z + 566. What is the remainder when 238 is divided by f(-2)?
0
Let d(f) be the third derivative of -f**6/120 - 7*f**5/30 - 2*f**4/3 - 4*f**3 - 2*f**2. Calculate the remainder when 44 is divided by d(-13).
14
Suppose 3*y - 4*y + 15 = 0. Calculate the remainder when 418/8 - (-8 - (-261)/36) is divided by y.
8
Let h(s) = s**3 + 11*s**2 - 5*s - 13. Calculate the remainder when h(-8) is divided by 71.
6
Let x(a) = a**2 + 6*a - 6. Let i(r) = r**2 - 1. Let w(n) = -2*i(n) + x(n). Let v be w(8). Let d = -13 - v. What is the remainder when 20 is divided by d?
6
Let r(x) = -x**3 + 5*x - 4. Let i be r(3). Let p = 23 + i. Let a = 0 - -26. What is the remainder when a is divided by p?
5
Let x(a) = 3*a**2 - 2*a + 1. Suppose -s + 3*s - 12 = 0. Let q be (-2)/s + 14/6. What is the remainder when 15 is divided by x(q)?
6
Let b(p) = 2*p**2 - 7*p - 8. Let